r of 33022 and 68651?
869
What is the highest common factor of 22365 and 665?
35
What is the highest common divisor of 241926 and 216?
6
Calculate the highest common factor of 96 and 65.
1
Calculate the greatest common factor of 17504 and 3072.
32
What is the highest common factor of 22596 and 147?
21
Calculate the greatest common factor of 104 and 3544.
8
What is the greatest common factor of 659739 and 141?
141
Calculate the greatest common divisor of 10244 and 10816.
52
Calculate the greatest common factor of 7932 and 456.
12
Calculate the greatest common factor of 62 and 5162678.
62
Calculate the highest common divisor of 844 and 2296.
4
Calculate the greatest common divisor of 414 and 2132100.
414
What is the highest common factor of 82918 and 22?
22
Calculate the highest common factor of 6 and 449.
1
What is the greatest common factor of 795 and 705?
15
What is the greatest common divisor of 85 and 45?
5
Calculate the greatest common factor of 63 and 269235.
9
What is the highest common divisor of 35456 and 128?
128
Calculate the greatest common divisor of 4704 and 651.
21
What is the greatest common divisor of 75 and 203745?
15
What is the highest common factor of 1015 and 16975?
35
What is the greatest common divisor of 2750 and 198?
22
Calculate the greatest common factor of 6003 and 24679.
667
What is the highest common divisor of 40 and 22540?
20
What is the greatest common divisor of 703 and 1767?
19
Calculate the highest common factor of 688 and 2756816.
688
Calculate the greatest common factor of 11917 and 119.
17
What is the greatest common divisor of 2972 and 28?
4
Calculate the greatest common divisor of 59356 and 36.
4
What is the greatest common divisor of 7718 and 2057?
17
Calculate the highest common divisor of 416 and 27840.
32
What is the greatest common divisor of 68780 and 1615?
95
What is the greatest common divisor of 373729 and 2972?
743
What is the highest common divisor of 70811 and 169?
169
Calculate the highest common divisor of 4693 and 3173.
19
What is the greatest common factor of 22974 and 4746?
42
Calculate the highest common factor of 238 and 39916.
34
What is the greatest common factor of 2650958 and 334?
334
What is the highest common factor of 163173 and 654?
327
Calculate the highest common factor of 432800 and 800.
800
Calculate the greatest common divisor of 239239 and 2431.
143
Calculate the highest common factor of 168 and 21504.
168
What is the highest common divisor of 10496 and 3936?
1312
Calculate the greatest common factor of 1872 and 121824.
144
What is the highest common divisor of 57127 and 175?
7
What is the highest common divisor of 2 and 121988?
2
What is the highest common divisor of 57655 and 130?
65
Calculate the greatest common factor of 472050 and 45.
45
What is the greatest common factor of 5632 and 9472?
256
What is the highest common divisor of 30630708 and 36?
36
Calculate the highest common factor of 56259 and 423.
423
What is the highest common divisor of 522861 and 171?
57
Calculate the highest common factor of 60 and 2715.
15
What is the greatest common divisor of 446085 and 4140?
1035
Calculate the greatest common divisor of 1290 and 168474.
258
Calculate the greatest common factor of 504 and 1793736.
504
Calculate the greatest common divisor of 10 and 9595.
5
What is the greatest common factor of 845544 and 1127?
49
What is the greatest common divisor of 4374 and 1998?
54
What is the highest common divisor of 19437 and 310?
31
What is the greatest common divisor of 26 and 7719257?
13
What is the highest common factor of 606 and 64992?
6
What is the highest common divisor of 26205 and 1590?
15
What is the highest common factor of 72 and 9972?
36
What is the greatest common factor of 240 and 2045?
5
What is the greatest common factor of 6849 and 117?
9
What is the highest common divisor of 21665388 and 804?
804
What is the greatest common divisor of 166951 and 73?
73
What is the highest common divisor of 4469 and 10900?
109
What is the greatest common divisor of 1514766 and 3?
3
Calculate the highest common factor of 92259 and 612.
153
Calculate the highest common factor of 120 and 48060.
60
Calculate the highest common factor of 38612 and 1078.
98
What is the greatest common factor of 242695 and 5?
5
What is the highest common divisor of 3192 and 80028?
228
What is the greatest common divisor of 1520 and 40560?
80
What is the highest common factor of 417095 and 34?
17
What is the greatest common divisor of 344812 and 380?
76
What is the highest common divisor of 152 and 4712?
152
What is the highest common factor of 574 and 78351?
287
Calculate the greatest common factor of 969 and 266589.
57
Calculate the greatest common divisor of 156 and 771180.
12
What is the highest common divisor of 51 and 53493?
3
Calculate the greatest common divisor of 9027 and 79886.
59
What is the greatest common factor of 5080 and 56360?
40
What is the greatest common divisor of 204 and 64328?
68
Calculate the highest common factor of 986 and 11866.
34
Calculate the greatest common factor of 35485 and 94.
47
Calculate the highest common divisor of 40076 and 1376.
172
What is the highest common factor of 16380 and 64701?
819
What is the greatest common factor of 147 and 8442?
21
What is the greatest common divisor of 44 and 600974?
22
Calculate the greatest common divisor of 50 and 921650.
50
Calculate the greatest common factor of 80 and 73512.
8
What is the greatest common factor of 972 and 34128?
108
What is the highest common factor of 16 and 193548?
4
Calculate the highest common divisor of 18640 and 560.
80
What is the greatest common factor of 124112 and 16?
16
What is the highest common factor of 5489 and 66?
11
What is the highest common factor of 589120 and 10?
10
What is the highest common divisor of 3034 and 2664?
74
Calculate the greatest common factor of 2562 and 42.
42
Calculate the highest common factor of 180 and 140364.
36
Calculate the greatest common factor of 387 and 16857.
9
What is the greatest common factor of 119 and 17?
17
Calculate the greatest common factor of 1014 and 5408.
338
What is the greatest common divisor of 6 and 2561634?
6
Calculate the highest common divisor of 17473 and 7958.
173
Calculate the highest common factor of 1 and 1378099.
1
Calculate the highest common divisor of 421 and 3713641.
421
What is the greatest common factor of 32 and 702176?
32
Calculate the greatest common factor of 386945 and 260.
65
Calculate the greatest common factor of 12350 and 17150.
50
Calculate the greatest common factor of 205 and 10940.
5
What is the highest common divisor of 12122 and 1494312?
1102
What is the greatest common divisor of 755 and 2788970?
755
What is the greatest common divisor of 13655 and 50?
5
What is the highest common factor of 760365 and 122?
61
What is the greatest common factor of 4595079 and 145?
29
Calculate the highest common divisor of 81 and 3220506.
27
Calculate the greatest common divisor of 96136 and 368.
8
What is the greatest common factor of 4 and 83164?
4
What is the highest common divisor of 120 and 67908?
12
Calculate the highest common divisor of 42482 and 44.
22
What is the greatest common factor of 19317 and 1096?
137
Calculate the greatest common factor of 4 and 94452.
4
Calculate the greatest common factor of 1010 and 50.
10
What is the highest common divisor of 15499 and 44?
11
What is the highest common factor of 476 and 1274?
14
What is the highest common divisor of 5676 and 7912?
172
What is the greatest common factor of 30 and 21950?
10
What is the greatest common divisor of 2 and 1018764?
2
What is the highest common divisor of 24401 and 3510?
13
Calculate the highest common divisor of 26 and 3447561.
13
What is the greatest common divisor of 70 and 14574?
14
Calculate the highest common factor of 17715 and 195.
15
What is the greatest common factor of 1264 and 751448?
632
What is the greatest common divisor of 502 and 11746298?
502
What is the greatest common factor of 68 and 2578628?
68
Calculate the greatest common divisor of 2124 and 35754.
354
Calculate the greatest common divisor of 226440 and 1122.
102
What is the greatest common divisor of 4081 and 1936?
11
Calculate the highest common factor of 5396 and 558344.